 highest common factor of 354 and 855087?
177
What is the greatest common divisor of 10026909 and 243?
243
Calculate the highest common factor of 2024374 and 2552.
638
Calculate the highest common divisor of 35417 and 13571.
331
What is the highest common factor of 1102 and 123482?
58
Calculate the highest common factor of 3300 and 462.
66
What is the greatest common divisor of 5 and 1865?
5
What is the highest common factor of 6386244 and 12?
12
What is the highest common factor of 103744 and 1472?
64
What is the greatest common divisor of 1 and 38269?
1
What is the greatest common divisor of 832671 and 63?
63
What is the highest common factor of 4288 and 26560?
64
What is the highest common divisor of 6624 and 1440?
288
Calculate the greatest common divisor of 1045 and 18205.
55
What is the highest common divisor of 22 and 1282028?
22
Calculate the greatest common divisor of 1680 and 57540.
420
Calculate the highest common divisor of 30 and 417255.
15
What is the greatest common factor of 20216 and 77?
7
What is the greatest common divisor of 192145 and 4565?
415
Calculate the highest common factor of 3 and 13284.
3
Calculate the highest common divisor of 36 and 76299.
3
Calculate the greatest common divisor of 342324 and 3330.
666
Calculate the highest common divisor of 79297 and 179.
179
What is the highest common divisor of 49581 and 462?
21
Calculate the highest common factor of 38056 and 426.
142
What is the highest common factor of 5455 and 3335187?
1091
What is the highest common factor of 72 and 79368?
24
Calculate the highest common divisor of 336 and 9856.
112
Calculate the highest common factor of 352877 and 7.
7
What is the highest common factor of 6672 and 31872?
48
What is the highest common factor of 936 and 642603?
39
Calculate the greatest common divisor of 4620 and 27020.
140
What is the greatest common divisor of 370 and 1340?
10
Calculate the greatest common factor of 95354 and 196.
98
What is the greatest common factor of 33000 and 4176?
24
What is the greatest common divisor of 43 and 1421107?
43
What is the greatest common factor of 15664 and 33352?
88
What is the highest common divisor of 57560 and 180?
20
What is the highest common factor of 3700 and 1300?
100
What is the greatest common factor of 2552156 and 4?
4
Calculate the highest common factor of 410907 and 357.
357
What is the greatest common factor of 1140 and 2133795?
285
What is the greatest common factor of 5134 and 345337?
151
Calculate the highest common divisor of 74 and 87209.
37
What is the greatest common divisor of 1789692 and 2?
2
What is the greatest common factor of 255870 and 60?
30
What is the highest common factor of 3188934 and 126?
126
Calculate the greatest common divisor of 288 and 382716.
36
What is the greatest common factor of 2788 and 391?
17
What is the greatest common factor of 205 and 277?
1
Calculate the greatest common divisor of 1767 and 399.
57
What is the highest common factor of 67224 and 2136?
24
What is the greatest common factor of 49806 and 540?
18
Calculate the greatest common factor of 1639 and 3179.
11
Calculate the highest common divisor of 72111 and 156.
39
Calculate the greatest common divisor of 1698078 and 1554.
222
What is the greatest common factor of 24 and 1064964?
12
Calculate the greatest common divisor of 11395296 and 1452.
1452
Calculate the highest common divisor of 434 and 87276.
14
What is the greatest common factor of 8 and 402656?
8
Calculate the highest common factor of 11722594 and 598.
598
Calculate the greatest common divisor of 43904 and 1408.
128
What is the highest common factor of 13 and 104364?
13
Calculate the highest common factor of 3688 and 2372.
4
Calculate the greatest common divisor of 297 and 297.
297
What is the greatest common divisor of 596150 and 25?
25
What is the greatest common factor of 60 and 5218185?
15
What is the greatest common factor of 360 and 479520?
360
What is the greatest common divisor of 728 and 871143?
91
Calculate the highest common divisor of 147731 and 1552.
97
Calculate the highest common divisor of 179578 and 42.
14
Calculate the greatest common divisor of 3 and 238.
1
What is the highest common divisor of 9500 and 12250?
250
What is the greatest common divisor of 675460 and 20?
20
Calculate the greatest common divisor of 29205 and 240.
15
What is the greatest common divisor of 93902 and 638?
58
What is the highest common divisor of 5051574 and 31?
31
Calculate the highest common divisor of 8910 and 4185.
135
What is the greatest common factor of 404 and 64943?
101
What is the highest common factor of 22 and 1606?
22
Calculate the greatest common divisor of 2863371 and 147.
21
What is the highest common divisor of 1462 and 12556?
86
What is the highest common factor of 1134 and 3733695?
567
Calculate the highest common divisor of 1854 and 227.
1
What is the greatest common divisor of 948 and 1032?
12
Calculate the greatest common factor of 680 and 56270.
170
What is the greatest common factor of 3653 and 143?
13
What is the highest common divisor of 322 and 32982?
46
What is the highest common factor of 5400 and 3360?
120
Calculate the greatest common factor of 1 and 80671.
1
What is the greatest common divisor of 360 and 19860?
60
What is the highest common factor of 13157 and 223?
223
Calculate the greatest common factor of 44328 and 48.
24
Calculate the greatest common divisor of 56375 and 125.
125
Calculate the highest common divisor of 25020 and 4500.
180
Calculate the highest common factor of 946 and 159788.
86
Calculate the highest common divisor of 322 and 991438.
322
What is the greatest common divisor of 87036 and 48?
12
What is the greatest common divisor of 30 and 94490?
10
Calculate the greatest common divisor of 39 and 5694637.
13
Calculate the greatest common factor of 24750 and 904500.
2250
What is the highest common factor of 16 and 190252?
4
Calculate the highest common factor of 12952 and 16.
8
Calculate the greatest common factor of 8758 and 1972.
58
Calculate the greatest common factor of 14508 and 684.
36
What is the greatest common factor of 56268 and 432?
108
What is the highest common divisor of 50292 and 351?
9
What is the greatest common factor of 1281 and 4173498?
1281
Calculate the highest common divisor of 534 and 581882.
178
Calculate the highest common factor of 3895 and 28741.
41
Calculate the highest common divisor of 1600 and 13700.
100
Calculate the highest common factor of 608 and 120688.
304
Calculate the highest common factor of 160 and 300000.
160
Calculate the highest common factor of 71029 and 146.
73
What is the highest common divisor of 84 and 6246492?
84
Calculate the greatest common factor of 891 and 151525.
11
Calculate the greatest common factor of 940728 and 3192.
456
What is the highest common divisor of 16 and 1578?
2
Calculate the greatest common divisor of 73784 and 92.
92
What is the greatest common divisor of 2764534 and 191?
191
What is the highest common divisor of 696 and 10968?
24
Calculate the highest common divisor of 1881440 and 192.
32
Calculate the highest common divisor of 129294 and 682.
22
What is the greatest common factor of 374 and 6336?
22
Calculate the greatest common divisor of 3393 and 44544.
87
Calculate the greatest common divisor of 228 and 42972.
12
What is the greatest common factor of 11154 and 30?
6
Calculate the highest common factor of 540268 and 124.
124
Calculate the greatest common divisor of 27741 and 14049.
21
Calculate the greatest common divisor of 728 and 56.
56
What is the highest common divisor of 1320 and 16390?
110
What is the greatest common factor of 8025056 and 64?
32
Calculate the greatest common divisor of 60 and 51276.
12
Calculate the greatest common factor of 318 and 4293.
159
Calculate the highest common factor of 1926 and 72.
18
What is the highest common factor of 79053 and 78?
39
What is the highest common factor of 7301393 and 11?
11
What is the highest common divisor of 3316 and 15?
1
Calculate the highest common factor of 3715 and 42351.
743
What is the highest common factor of 558953 and 41?
41
What is the greatest common factor of 1936 and 184096?
176
What is the greatest common factor of 945 and 21660?
15
What is the greatest common factor of 